base 11?
-890
10211202 (base 3) to base 15
c6b
-422141 (base 5) to base 11
-a60a
-54b (base 13) to base 4
-32030
Convert 123 (base 8) to base 11.
76
What is 473 (base 11) in base 14?
2c4
What is 413 (base 13) in base 10?
692
What is 7657 (base 8) in base 13?
1a9b
What is da (base 14) in base 2?
11000000
101111111 (base 2) to base 8
577
Convert 143 (base 9) to base 10.
120
1221002 (base 3) to base 14
726
What is -211012 (base 3) in base 6?
-2435
What is 14252 (base 7) in base 13?
1a18
658 (base 13) to base 14
579
What is -13886 (base 11) in base 8?
-46360
-100000010110111 (base 2) to base 12
-9707
Convert 49a (base 14) to base 13.
55a
-1421303 (base 6) to base 11
-55685
Convert -1564 (base 8) to base 16.
-374
What is 401104 (base 5) in base 4?
3011232
Convert 692 (base 12) to base 9.
1302
16600 (base 8) to base 10
7552
20232 (base 4) to base 3
202200
What is 33004 (base 5) in base 4?
203032
What is -11226 (base 8) in base 5?
-123013
-356 (base 12) to base 3
-200110
Convert 7574 (base 9) to base 11.
4209
What is -2402 (base 8) in base 14?
-678
What is 609b (base 15) in base 4?
10332230
What is -431 (base 12) in base 9?
-751
-87a (base 14) to base 2
-11010001100
-12a (base 16) to base 11
-251
What is -23211 (base 5) in base 12?
-b81
What is 135304 (base 7) in base 2?
110010100010100
Convert -7145 (base 12) to base 14.
-46a1
What is -227 (base 9) in base 8?
-273
What is -845 (base 10) in base 8?
-1515
What is 118 (base 12) in base 16?
a4
Convert 707 (base 15) to base 7.
4420
What is 122 (base 10) in base 12?
a2
Convert 111202020 (base 3) to base 7.
41136
-2f23 (base 16) to base 11
-9080
What is ec (base 16) in base 8?
354
What is -da17 (base 14) in base 16?
-9315
22212 (base 3) to base 16
ef
Convert 105 (base 11) to base 5.
1001
What is 330 (base 5) in base 4?
1122
Convert 1363 (base 8) to base 16.
2f3
-187 (base 16) to base 11
-326
-100010100010 (base 2) to base 13
-1010
What is -32121 (base 5) in base 2?
-100001110001
Convert 89f5 (base 16) to base 4.
20213311
What is -277 (base 11) in base 14?
-194
Convert -715a (base 14) to base 13.
-8b3a
-294 (base 14) to base 4
-20022
Convert -1544 (base 6) to base 16.
-1a8
b935 (base 12) to base 3
1000220112
What is -3cbb (base 13) in base 8?
-21105
515b (base 12) to base 14
3327
452 (base 8) to base 2
100101010
Convert 323023 (base 4) to base 14.
1547
What is a928 (base 14) in base 8?
71070
What is 15380 (base 9) in base 15?
31b6
What is 11632 (base 8) in base 11?
3852
-847 (base 9) to base 12
-497
What is -3414 (base 7) in base 13?
-741
Convert 330 (base 9) to base 13.
17a
What is -212211 (base 3) in base 13?
-3a6
Convert 1313 (base 4) to base 6.
315
d7 (base 14) to base 7
360
What is 101111001 (base 2) in base 15?
1a2
Convert -7551 (base 8) to base 16.
-f69
What is -1bd (base 15) in base 8?
-623
-40 (base 5) to base 7
-26
What is -1101101101 (base 2) in base 15?
-3d7
1196 (base 10) to base 15
54b
What is -c814 (base 14) in base 12?
-17b82
Convert -16346 (base 7) to base 15.
-1595
What is -4a7 (base 14) in base 4?
-32203
What is -1011110 (base 2) in base 8?
-136
1110 (base 5) to base 3
12202
-1011021012 (base 3) to base 4
-11210021
Convert 5513 (base 6) to base 10.
1269
What is 16b (base 15) in base 4?
11012
2799b (base 13) to base 16
121a6
What is 10110111110 (base 2) in base 8?
2676
Convert 3305 (base 7) to base 13.
6cb
What is 510 (base 11) in base 4?
21220
-120 (base 13) to base 16
-c3
What is -12984 (base 10) in base 2?
-11001010111000
Convert 7086 (base 10) to base 11.
5362
-177d3 (base 14) to base 16
-e72d
-53022 (base 6) to base 10
-7142
Convert 2465 (base 11) to base 14.
125b
12929 (base 11) to base 3
221021100
What is 108735 (base 9) in base 5?
4043410
-214 (base 5) to base 3
-2012
Convert 27 (base 8) to base 14.
19
Convert 36313 (base 7) to base 2.
10010011001010
-3244 (base 6) to base 4
-23230
What is -3a1 (base 12) in base 7?
-1420
Convert -44b (base 15) to base 8.
-1713
114500 (base 6) to base 14
3988
-9ad (base 15) to base 3
-10000001
-617 (base 15) to base 16
-55c
What is -2062 (base 11) in base 13?
-1320
What is -287b (base 12) in base 7?
-16466
Convert -982 (base 12) to base 11.
-1058
What is 845 (base 11) in base 6?
4413
Convert -11543 (base 10) to base 16.
-2d17
Convert 111010100 (base 2) to base 10.
468
Convert 29b3 (base 13) to base 7.
23446
What is d49 (base 14) in base 16?
a35
Convert -20222 (base 5) to base 8.
-2440
Convert -10101000010 (base 2) to base 15.
-5eb
20100 (base 4) to base 5
4103
Convert -1142244 (base 5) to base 15.
-65d4
What is -2584 (base 11) in base 6?
-23315
-20551 (base 14) to base 5
-4443013
Convert -12bb8 (base 13) to base 16.
-8895
125 (base 16) to base 8
445
-32253 (base 6) to base 10
-4425
Convert 837 (base 10) to base 2.
1101000101
Convert -33200 (base 4) to base 7.
-2615
Convert -67e (base 15) to base 6.
-10445
What is -130102 (base 5) in base 15?
-1752
Convert 123254 (base 7) to base 9.
34215
Convert 63b6 (base 13) to base 16.
360e
30062 (base 7) to base 12
423b
95a (base 12) to base 7
3661
12204 (base 5) to base 13
566
Convert -110 (base 6) to base 3.
-1120
22414 (base 6) to base 5
100203
-202222 (base 3) to base 15
-27b
27b9 (base 12) to base 14
196d
What is 13002 (base 4) in base 3?
121200
What is 305505 (base 6) in base 2?
110000000010001
What is -111121011 (base 3) in base 12?
-58a1
What is 372a8 (base 12) in base 5?
4342340
What is 436 (base 15) in base 8?
1667
-20062 (base 7) to base 4
-1023232
Convert 2400324 (base 5) to base 16.
ab3f
What is 9672 (base 11) in base 8?
30760
What is 3133323 (base 4) in base 11?
a849
101111030 (base 4) to base 11
49375
What is 75426 (base 8) in base 10?
31510
What is -351334 (base 6) in base 8?
-72712
Convert 280 (base 11) to base 5.
2310
-15704 (base 12) to base 11
-20916
12422 (base 6) to base 8
3536
What is 164 (base 12) in base 7?
433
b48 (base 12) to base 9
2222
What is 246 (base 7) in base 13?
a2
What is -145322 (base 6) in base 14?
-5238
Convert -101133122 (base 4) to base 16.
-117da
Convert -28442 (base 10) to base 15.
-8662
Convert -765 (base 8) to base 12.
-359
Convert 1110000110000 (base 2) to base 5.
212331
What is 1031 (base 15) in base 14?
1365
Convert 3376 (base 15) to base 3.
112222010
Convert -2100221001 (base 3) to base 9.
-70831
Convert -11001101111111 (base 2) to base 5.
-410213
What is -11010011101000 (base 2) in base 4?
-3103220
What is 7e (base 16) in base 3?
11200
What is -13003232 (base 4) in base 14?
-a770
-58342 (base 9) to base 6
-500102
Convert -173 (base 15) to base 16.
-14d
400450 (base 6) to base 2
111101000101110
Convert -121124 (base 7) to base 8.
-53003
Convert -26417 (base 10) to base 16.
-6731
Convert -11062 (base 8) to base 13.
-2174
What is -10021020 (base 3) in base 9?
-3236
What is -9960 (base 12) in base 3?
-212012200
1261 (base 8) to base 16
2b1
-1052 (base 12) to base 10
-1790
-5486 (base 13) to base 6
-130255
Convert -20c1b (base 13) to base 10.
-59174
Convert -126 (base 13) to base 2.
-11001001
-3896 (base 13) to base 7
-32342
Convert 2103210 (base 5) to base 8.
103765
41335 (base 6) to base 5
134111
Convert -1734 (base 9) to base 11.
-aa7
-8317 (base 12) to base 2
-11011111000011
-223566 (base 7) to base 13
-1511a
561 (base 8) to base 9
450
113052 (base 7) to base 10
20274
What is -110355 (base 7) in base 4?
-10233003
What is 14375 (base 13) in base 12?
19b68
-5467 (base 10) to base 5
-133332
What is 1210202 (base 3) in base 15?
5cb
What is -1772 (base 8) in base 16?
-3fa
What is -10110010011001 (base 2) in base 9?
-16585
Convert 432 (base 5) to base 9.
140
Convert -10000111011 (base 2) to base 10.
-1083
a4ae (base 15) to base 4
20133332
-26866 (base 10) to base 5
-1324431
Convert 2103 (base 5) to base 12.
1b2
What is -1422344 (base 5) in base 2?
-111010000011100
Convert 110110101110 (base 2) to base 5.
103002
What is -11a01 (base 12) in base 10?
-23905
-100000111101 (base 2) to base 8
-4075
Convert 148 (base 11) to base 15.
b8
Convert 13023 (base 5) to base 2.
1111110101
Convert 1197 (base 10) to base 13.
711
Convert aab3 (base 13) to base 7.
126256
What is -4bd (base 14) in base 9?
-1266
-11101101010 (base 2) to base 9
-2538
-2545 (base 6) to base 15
-2cb
What is -1223c (base 13) in base 7?
-166133
10512 (base 8) to base 16
114a
Convert 201 (base 12) to base 3.
